{"id":901,"date":"2020-06-20T22:52:07","date_gmt":"2020-06-20T22:52:07","guid":{"rendered":"http:\/\/circleofnow.ca\/?page_id=901"},"modified":"2022-06-02T08:28:26","modified_gmt":"2022-06-02T12:28:26","slug":"therapie-individuelle","status":"publish","type":"page","link":"https:\/\/circleofnow.ca\/index.php\/therapie-individuelle\/","title":{"rendered":"Th\u00e9rapie individuelle"},"content":{"rendered":"\t\t<div data-elementor-type=\"wp-page\" data-elementor-id=\"901\" class=\"elementor elementor-901\">\n\t\t\t\t\t\t\t\t\t<section class=\"elementor-section elementor-top-section elementor-element elementor-element-6de0c5bd elementor-section-boxed elementor-section-height-default elementor-section-height-default\" data-id=\"6de0c5bd\" data-element_type=\"section\">\n\t\t\t\t\t\t<div class=\"elementor-container elementor-column-gap-default\">\n\t\t\t\t\t<div class=\"elementor-column elementor-col-100 elementor-top-column elementor-element elementor-element-694fde25\" data-id=\"694fde25\" data-element_type=\"column\">\n\t\t\t<div class=\"elementor-widget-wrap elementor-element-populated\">\n\t\t\t\t\t\t\t\t<div class=\"elementor-element elementor-element-47fe6946 elementor-widget elementor-widget-text-editor\" data-id=\"47fe6946\" data-element_type=\"widget\" data-widget_type=\"text-editor.default\">\n\t\t\t\t<div class=\"elementor-widget-container\">\n\t\t\t<style>\/*! elementor - v3.18.0 - 04-12-2023 *\/\n.elementor-widget-text-editor.elementor-drop-cap-view-stacked .elementor-drop-cap{background-color:#69727d;color:#fff}.elementor-widget-text-editor.elementor-drop-cap-view-framed .elementor-drop-cap{color:#69727d;border:3px solid;background-color:transparent}.elementor-widget-text-editor:not(.elementor-drop-cap-view-default) .elementor-drop-cap{margin-top:8px}.elementor-widget-text-editor:not(.elementor-drop-cap-view-default) .elementor-drop-cap-letter{width:1em;height:1em}.elementor-widget-text-editor .elementor-drop-cap{float:left;text-align:center;line-height:1;font-size:50px}.elementor-widget-text-editor .elementor-drop-cap-letter{display:inline-block}<\/style>\t\t\t\t<h4><img fetchpriority=\"high\" decoding=\"async\" class=\"wp-image-783 size-medium alignleft\" src=\"https:\/\/circleofnow.ca\/wp-content\/uploads\/2020\/06\/pink-buds-small-size-225x300.jpg\" alt=\"\" width=\"225\" height=\"300\" srcset=\"https:\/\/circleofnow.ca\/wp-content\/uploads\/2020\/06\/pink-buds-small-size-225x300.jpg 225w, https:\/\/circleofnow.ca\/wp-content\/uploads\/2020\/06\/pink-buds-small-size-768x1024.jpg 768w, https:\/\/circleofnow.ca\/wp-content\/uploads\/2020\/06\/pink-buds-small-size.jpg 960w\" sizes=\"(max-width: 225px) 100vw, 225px\" \/> Dans l&#8217;instant pr\u00e9sent<\/h4><p>Vous cherchez un<strong> soutien dans votre langue maternelle<\/strong>, le fran\u00e7ais. La d\u00e9marche que j&#8217;utilise met en lumi\u00e8re <strong>la fa\u00e7on unique dont vous vivez vos situations<\/strong>, afin de vous aider \u00e0 <strong>prendre conscience de votre exp\u00e9rience<\/strong>, du ressenti, de vos pens\u00e9es, de ce que vous exprimez, pour vous aider \u00e0 avoir une image coh\u00e9rente de votre v\u00e9cu. En exp\u00e9rimentant et en ressentant ensemble comment ces formes apparaissent et se modifient, nous travaillons sur les sympt\u00f4mes douloureux, fig\u00e9s dans la m\u00e9moire; comme d\u00e9faire des n\u0153uds qui emp\u00eachent de respirer et de se d\u00e9contracter, rendant votre corps physique et \u00e9nerg\u00e9tique raide ou engourdi.<\/p><p>Transformer ensemble la repr\u00e9sentation de votre insatisfaction et de votre douleur, nous am\u00e8ne vers <strong>une capacit\u00e9 accrue \u00e0 vivre en pleine conscience<\/strong> le paradoxe qu&#8217;il faut accepter ce qu&#8217;on est avant de changer. Ainsi ce changement paradoxal va <strong>donner du sens<\/strong> \u00e0 votre situation et vous permettre de prendre en charge votre processus int\u00e9rieur, vos actions et vos paroles.<\/p><p>J&#8217;accueille votre d\u00e9marche avec une <strong>attention<\/strong> et\u00a0 une <strong>curiosit\u00e9 bienveillante et sans jugement<\/strong>. Une fois la <strong>confiance<\/strong> install\u00e9e, nous allons <strong>respirer profond\u00e9ment<\/strong>, observer et laisser passer les pens\u00e9es cr\u00e9\u00e9es par la tension pour faire face \u00e0 <strong>une pr\u00e9sence accrue dans notre corps physique<\/strong>. Le corps emmagasine m\u00e9moires traumatiques et \u00e9motions refouill\u00e9es. Je communique avec vous ce <strong>ressenti partag\u00e9<\/strong> dans un <strong>dialogue<\/strong> bienveillant. Vous sentant compris, regard\u00e9(e) et respect\u00e9(e), votre corps et votre \u00eatre peuvent relaxer dans l&#8217;instant pr\u00e9sent. Vous r\u00e9alisez que souvent votre environnement change pour le meilleur avec vous; ou bien parfois qu&#8217;il r\u00e9siste et vous modifiez votre environnement car les deux vont de pair.<\/p><p><img decoding=\"async\" class=\"size-full wp-image-764 alignleft\" src=\"https:\/\/circleofnow.ca\/wp-content\/uploads\/2020\/06\/Enso.svg\" alt=\"\" \/> La Gestalt reconnait que les fonctions mentales, \u00e9motionnelles, et sensorimotrices sont interreli\u00e9es et interd\u00e9pendantes tant dans le corps physique que dans l\u2019environnement physique ext\u00e9rieur, qu&#8217;on pourrait appeler corps social. Les corps physique et social ont une intention, une <strong>force vitale<\/strong> et recherchent <strong>l&#8217;\u00e9quilibre<\/strong>. La Gestalt utilise diff\u00e9rentes modalit\u00e9s: analyses de r\u00eaves, jeux de r\u00f4les, dessin, musique et sons, r\u00f4le dramatiques et autres approches cr\u00e9atives bas\u00e9es sur le mouvement et l&#8217;exp\u00e9rimentation. Ainsi l&#8217;approche humaniste de la Gestalt encourage la restauration du <strong>processus naturel de d\u00e9veloppement de votre \u00eatre en relation avec les \u00e9l\u00e9ments int\u00e9rieurs et ext\u00e9rieurs de son existence<\/strong>, en respectant votre mode d&#8217;expression et de r\u00e9alisation.<\/p><p><img decoding=\"async\" class=\"wp-image-793 size-medium alignright\" src=\"https:\/\/circleofnow.ca\/wp-content\/uploads\/2020\/06\/Maple-lake-blue-waters-small-size-300x225.jpeg\" alt=\"\" width=\"300\" height=\"225\" srcset=\"https:\/\/circleofnow.ca\/wp-content\/uploads\/2020\/06\/Maple-lake-blue-waters-small-size-300x225.jpeg 300w, https:\/\/circleofnow.ca\/wp-content\/uploads\/2020\/06\/Maple-lake-blue-waters-small-size-768x576.jpeg 768w, https:\/\/circleofnow.ca\/wp-content\/uploads\/2020\/06\/Maple-lake-blue-waters-small-size.jpeg 1024w\" sizes=\"(max-width: 300px) 100vw, 300px\" \/><\/p><p>Nous croyons en la recherche de <strong>sens dans notre vie<\/strong> comme un acc\u00e8s au <strong>choix<\/strong>, \u00e0 la <strong>responsabilit\u00e9<\/strong> et \u00e0 la <strong>libert\u00e9<\/strong> d&#8217;une prise en charge de notre <strong>croissance authentique<\/strong>. Cette dynamique nous conduit vers l&#8217;ind\u00e9pendance et notre ma\u00eetrise de notre processus de croissance en respect avec nos aspirations profondes.<\/p><p><img decoding=\"async\" class=\"wp-image-827 size-thumbnail alignleft\" src=\"https:\/\/circleofnow.ca\/wp-content\/uploads\/2020\/06\/peony-small-size-1-150x150.jpg\" alt=\"\" width=\"150\" height=\"150\" \/> <strong>Est-ce que la Gestalt-th\u00e9rapie en pleine conscience est pour moi ? Pour vous ?<\/strong> Les patients qui consultent pr\u00e9sentent une des situations suivantes \u00e0 titre d&#8217;exemple: <em>deuil <\/em>; <i>anxi\u00e9t\u00e9 <\/i>; <i>d\u00e9pression<\/i> ; <em>comportement r\u00e9p\u00e9titif et abus de substances; d\u00e9sordre alimentaire ;<\/em> <em>blocages et manque d&#8217;estime de soi ;\u00a0traumatismes ; s\u00e9quelles d&#8217;abus physique ou psychologique<\/em> ; <i>phobies<\/i>.<\/p><p>Je vous \u00e9coute dans un environnement s\u00e9curisant et priv\u00e9, avec empathie. Je vous accompagne dans <b>votre cheminement vers une int\u00e9gration saine de vos exp\u00e9riences<\/b>. Je suis th\u00e9rapeute en supervision, affili\u00e9e \u00e0 l&#8217;Institut Gestalt de Toronto. Je pratique la th\u00e9rapie Gestalt en pleine conscience avec la conviction et l&#8217;exp\u00e9rience que chacune et chacune d&#8217;entre nous sommes les meilleurs experts de notre vie. Nous avons besoin d&#8217;une prise de conscience et d&#8217;un appui sinc\u00e8re quand nous sommes coinc\u00e9s pour maintenir notre sant\u00e9 mentale et soutenir notre sant\u00e9 physique, les deux \u00e9tant li\u00e9s par nos syst\u00e8mes sympathiques et parasympathiques.<\/p><p>J&#8217;ai plus de vingt ans de pr\u00e9sence aupr\u00e8s de jeunes adultes en milieu de coll\u00e8ge universitaire, auxquelles s&#8217;ajoutent des ann\u00e9es de soutien \u00e0 des adultes en situation de handicap physique, d&#8217;anxi\u00e9t\u00e9 sociale et de dissociation profondes, en fin de vie, et en deuil. Je pratique la m\u00e9ditation-yoga depuis vingt-cinq ans.\u00a0 <img loading=\"lazy\" decoding=\"async\" class=\"wp-image-1005 size-thumbnail alignright\" src=\"https:\/\/circleofnow.ca\/wp-content\/uploads\/2020\/06\/2015-01-17-21.15.39-150x150.jpg\" alt=\"\" width=\"150\" height=\"150\" srcset=\"https:\/\/circleofnow.ca\/wp-content\/uploads\/2020\/06\/2015-01-17-21.15.39-150x150.jpg 150w, https:\/\/circleofnow.ca\/wp-content\/uploads\/2020\/06\/2015-01-17-21.15.39-100x100.jpg 100w\" sizes=\"(max-width: 150px) 100vw, 150px\" \/><\/p><p>Chaque jour, je marche avec ma chienne th\u00e9rapeute qui diffuse son affection \u00e0 ceux et celles en besoin de contact qu&#8217;elle croise sur notre chemin. Nos chemins vont-ils se croiser?<strong><br \/><\/strong><\/p><p><img loading=\"lazy\" decoding=\"async\" class=\"alignnone wp-image-782 size-full\" src=\"https:\/\/circleofnow.ca\/wp-content\/uploads\/2020\/06\/round-circle-of-leaves-small-size.png\" alt=\"\" width=\"1227\" height=\"994\" srcset=\"https:\/\/circleofnow.ca\/wp-content\/uploads\/2020\/06\/round-circle-of-leaves-small-size.png 1227w, https:\/\/circleofnow.ca\/wp-content\/uploads\/2020\/06\/round-circle-of-leaves-small-size-300x243.png 300w, https:\/\/circleofnow.ca\/wp-content\/uploads\/2020\/06\/round-circle-of-leaves-small-size-1024x830.png 1024w, https:\/\/circleofnow.ca\/wp-content\/uploads\/2020\/06\/round-circle-of-leaves-small-size-768x622.png 768w\" sizes=\"(max-width: 767px) 89vw, (max-width: 1000px) 54vw, (max-width: 1071px) 543px, 580px\" \/><\/p><div>\u00a0<\/div><div>\u00a0<\/div>\t\t\t\t\t\t<\/div>\n\t\t\t\t<\/div>\n\t\t\t\t\t<\/div>\n\t\t<\/div>\n\t\t\t\t\t\t\t<\/div>\n\t\t<\/section>\n\t\t\t\t\t\t\t<\/div>\n\t\t","protected":false},"excerpt":{"rendered":"<p>Dans l&#8217;instant pr\u00e9sent Vous cherchez un soutien dans votre langue maternelle, le fran\u00e7ais. La d\u00e9marche que j&#8217;utilise met en lumi\u00e8re la fa\u00e7on unique dont vous vivez vos situations, afin de vous aider \u00e0 prendre conscience de votre exp\u00e9rience, du ressenti, de vos pens\u00e9es, de ce que vous exprimez, pour vous aider \u00e0 avoir une image &hellip; <\/p>\n<p class=\"link-more\"><a href=\"https:\/\/circleofnow.ca\/index.php\/therapie-individuelle\/\" class=\"more-link\">Continue reading<span class=\"screen-reader-text\"> &#8220;Th\u00e9rapie individuelle&#8221;<\/span><\/a><\/p>\n","protected":false},"author":1,"featured_media":0,"parent":0,"menu_order":0,"comment_status":"closed","ping_status":"closed","template":"","meta":{"footnotes":""},"_links":{"self":[{"href":"https:\/\/circleofnow.ca\/index.php\/wp-json\/wp\/v2\/pages\/901"}],"collection":[{"href":"https:\/\/circleofnow.ca\/index.php\/wp-json\/wp\/v2\/pages"}],"about":[{"href":"https:\/\/circleofnow.ca\/index.php\/wp-json\/wp\/v2\/types\/page"}],"author":[{"embeddable":true,"href":"https:\/\/circleofnow.ca\/index.php\/wp-json\/wp\/v2\/users\/1"}],"replies":[{"embeddable":true,"href":"https:\/\/circleofnow.ca\/index.php\/wp-json\/wp\/v2\/comments?post=901"}],"version-history":[{"count":21,"href":"https:\/\/circleofnow.ca\/index.php\/wp-json\/wp\/v2\/pages\/901\/revisions"}],"predecessor-version":[{"id":1087,"href":"https:\/\/circleofnow.ca\/index.php\/wp-json\/wp\/v2\/pages\/901\/revisions\/1087"}],"wp:attachment":[{"href":"https:\/\/circleofnow.ca\/index.php\/wp-json\/wp\/v2\/media?parent=901"}],"curies":[{"name":"wp","href":"https:\/\/api.w.org\/{rel}","templated":true}]}}